 16?
False
Does 15 divide 3090?
True
Does 5 divide 65?
True
Is 4473 a multiple of 19?
False
Is 110 a factor of 5390?
True
Is 64 a factor of 105533?
False
Is 108 a multiple of 9?
True
Is 223 a multiple of 13?
False
Is 24 a factor of 7663?
False
Does 6 divide 17829?
False
Does 33 divide 11616?
True
Is 6 a factor of 222?
True
Is 245 a multiple of 10?
False
Is 653 a multiple of 72?
False
Does 2 divide 618?
True
Is 26460 a multiple of 108?
True
Is 6 a factor of 348?
True
Does 5 divide 1905?
True
Does 15 divide 180?
True
Is 496 a multiple of 31?
True
Is 2 a factor of 87?
False
Does 3 divide 1329?
True
Does 18 divide 522?
True
Is 7020 a multiple of 13?
True
Is 24259 a multiple of 143?
False
Does 6 divide 62?
False
Is 42 a factor of 42700?
False
Is 2680 a multiple of 8?
True
Is 15960 a multiple of 70?
True
Is 19013 a multiple of 32?
False
Is 42 a factor of 14918?
False
Is 195 a multiple of 39?
True
Does 10 divide 210?
True
Is 534 a multiple of 3?
True
Is 22 a factor of 10076?
True
Is 53 a factor of 74624?
True
Does 7 divide 721?
True
Is 155928 a multiple of 317?
False
Does 30 divide 41948?
False
Does 13 divide 1664?
True
Is 13 a factor of 568?
False
Is 69 a factor of 29283?
False
Does 20 divide 1920?
True
Is 8428 a multiple of 98?
True
Is 40 a factor of 1160?
True
Is 36 a factor of 7560?
True
Does 7 divide 1644?
False
Is 62 a factor of 59148?
True
Is 29760 a multiple of 64?
True
Is 209 a multiple of 20?
False
Is 12 a factor of 2679?
False
Is 19 a factor of 38940?
False
Does 7 divide 3822?
True
Does 67 divide 848?
False
Does 9 divide 270?
True
Is 90 a multiple of 15?
True
Is 88 a factor of 770?
False
Is 121 a factor of 17486?
False
Is 72406 a multiple of 41?
True
Does 70 divide 22400?
True
Is 3081 a multiple of 39?
True
Is 11 a factor of 5049?
True
Does 5 divide 14785?
True
Does 147 divide 8084?
False
Does 305 divide 15881?
False
Is 252 a multiple of 36?
True
Is 109 a factor of 38041?
True
Is 24 a factor of 9672?
True
Is 431 a multiple of 17?
False
Does 19 divide 1007?
True
Does 4 divide 42?
False
Is 11 a factor of 15114?
True
Is 111 a multiple of 10?
False
Does 11 divide 506?
True
Does 62 divide 2914?
True
Is 30 a multiple of 15?
True
Is 600 a multiple of 5?
True
Is 33 a factor of 330?
True
Does 73 divide 292?
True
Is 31 a factor of 93?
True
Is 1626 a multiple of 13?
False
Does 47 divide 22936?
True
Is 1764 a multiple of 48?
False
Is 50 a factor of 24450?
True
Does 6 divide 7956?
True
Does 3 divide 332?
False
Is 51 a factor of 1875?
False
Is 105 a factor of 47852?
False
Is 8 a factor of 1851?
False
Does 13 divide 3874?
True
Is 36 a factor of 47150?
False
Does 72 divide 15260?
False
Is 1896 a multiple of 12?
True
Is 29 a factor of 3045?
True
Is 18 a factor of 5626?
False
Is 21 a factor of 3644?
False
Is 22 a factor of 21274?
True
Is 112 a factor of 4890?
False
Is 147 a multiple of 5?
False
Does 11 divide 9779?
True
Is 131 a factor of 3144?
True
Is 76 a factor of 2810?
False
Does 27 divide 9435?
False
Is 9427 a multiple of 23?
False
Does 48 divide 4913?
False
Is 8 a factor of 288?
True
Does 18 divide 806?
False
Does 40 divide 1090?
False
Is 198 a multiple of 22?
True
Is 1850 a multiple of 18?
False
Does 3 divide 3422?
False
Does 33 divide 4515?
False
Is 6 a factor of 96?
True
Is 38 a factor of 2432?
True
Is 48 a factor of 8020?
False
Does 51 divide 1224?
True
Is 252 a multiple of 44?
False
Is 446 a multiple of 24?
False
Is 3310 a multiple of 94?
False
Is 120 a multiple of 10?
True
Does 12 divide 45132?
True
Is 2078 a multiple of 7?
False
Is 13 a factor of 4047?
False
Is 19 a factor of 676?
False
Is 51 a factor of 767?
False
Is 4 a factor of 899?
False
Is 21 a factor of 54453?
True
Is 4 a factor of 9360?
True
Is 11985 a multiple of 51?
True
Does 24 divide 3792?
True
Is 4875 a multiple of 16?
False
Does 12 divide 10224?
True
Is 5 a factor of 381?
False
Does 244 divide 32167?
False
Is 22050 a multiple of 175?
True
Is 59 a factor of 790?
False
Is 94 a factor of 6081?
False
Is 114 a factor of 36594?
True
Does 6 divide 5622?
True
Is 38 a factor of 26204?
False
Does 34 divide 60804?
False
Is 3520 a multiple of 11?
True
Does 6 divide 19228?
False
Does 258 divide 76867?
False
Is 11 a factor of 8327?
True
Is 70 a multiple of 4?
False
Is 46912 a multiple of 64?
True
Does 22 divide 43560?
True
Is 2987 a multiple of 26?
False
Is 69 a multiple of 23?
True
Does 8 divide 213?
False
Is 533 a multiple of 41?
True
Is 22 a factor of 48671?
False
Is 3152 a multiple of 7?
False
Is 51987 a multiple of 31?
True
Is 1595 a multiple of 145?
True
Does 339 divide 59914?
False
Does 38 divide 29757?
False
Is 91 a factor of 15379?
True
Does 46 divide 1107?
False
Does 35 divide 2872?
False
Does 49 divide 98?
True
Does 15 divide 3384?
False
Does 66 divide 1604?
False
Does 4 divide 126?
False
Is 19 a factor of 83144?
True
Does 17 divide 17?
True
Is 1710 a multiple of 30?
True
Is 58 a factor of 232?
True
Does 85 divide 100980?
True
Does 17 divide 1200?
False
Does 15 divide 324?
False
Is 15600 a multiple of 48?
True
Does 10 divide 3850?
True
Is 4374 a multiple of 18?
True
Does 8 divide 49?
False
Does 101 divide 25957?
True
Is 37 a factor of 5994?
True
Is 1683 a multiple of 32?
False
Does 67 divide 1369?
False
Is 14 a factor of 161242?
False
Does 20 divide 268?
False
Is 35 a factor of 32375?
True
Is 9496 a multiple of 56?
False
Is 34 a factor of 10226?
False
Is 2214 a multiple of 58?
False
Is 5 a factor of 437?
False
Does 15 divide 14461?
False
Is 104551 a multiple of 152?
False
Does 6 divide 14475?
False
Does 25 divide 12625?
True
Is 204 a factor of 57936?
True
Does 2 divide 224?
True
Does 2 divide 99?
False
Is 9500 a multiple of 125?
True
Is 89 a factor of 22913?
False
Is 16 a factor of 4710?
False
Does 13 divide 2326?
False
Does 92 divide 2668?
True
Is 129 a multiple of 3?
True
Does 55 divide 19195?
True
Is 2708 a multiple of 4?
True
Is 35 a factor of 19740?
True
Does 29 divide 2218?
False
Does 31 divide 784?
False
Does 8 divide 77848?
True
Does 11 divide 14410?
True
Does 320 divide 29542?
False
Is 18 a factor of 3240?
True
Is 25 a factor of 20595?
False
Is 146 a factor of 4863?
False
Is 27 a factor of 7155?
True
Is 11 a factor of 931?
False
Does 7 divide 1070?
False
Is 1155 a multiple of 33?
True
Does 35 divide 540?
False
Does 140 divide 4857?
False
Does 23 divide 11424?
False
Does 72 divide 48357?
False
Is 144 a multiple of 3?
True
Is 39804 a multiple of 214?
True
Is 73 a factor of 2331?
False
Is 69872 a multiple of 397?
True
Is 16 a factor of 9226?
False
Is 30130 a multiple of 262?
True
Is 23895 a multiple of 177?
True
Is 9 a factor of 8094?
False
Is 2858 a multiple of 20?
False
Is 13 a factor of 1378?
True
Does 19 divide 4180?
True
Is 495 a multiple of 48?
False
Is 17 a factor of 10727?
True
Is 73 a factor of 104?
False
Is 421 a multiple of 12?
False
Is 6 a factor of 670?
False
Is 13800 a multiple of 36?
False
Is 16979 a multiple of 148?
False
Is 10009 a multiple of 6?
False
Does 4 divide 17751?
False
Does 22 divide 83157?
False
Is 865 even?
False
Is 4 a factor of 2108?
True
Is 42 a factor of 24780?
True
Is 976 a multiple of 52?
False
Is 232 a factor of 21576?
True
Does 11 divide 323?
False
Is 42210 a multiple of 45?
True
Does 69 divide 4968?
True
Is 1224 a multiple of 8?
True
Is 15106 a multiple of 91?
True
Is 10 a factor of 300?
True
Does 6 divide 158?
False
Does 14 divide 588?
True
Is 738 a multiple of 18?
True
Is 8 a factor of 16824?
True
Is 22 a factor of 6094?
True
Is 5059 a multiple of 43?
False
Is 1134 a multiple of 14?
True
Is 18214 a multiple of 14?
True
Is 25 a factor of 2700?
True
Is 669 a multiple of 8?
False
Is 10 a factor of 43?
False
Is 15 a factor of 258?
False
Is 4976 a multiple of 53?
False
Does 47 divide 49262?
False
Is 2 a factor of 262?
True
Is 53200 a multiple of 95?
True
Is 15 a factor of 4080?
True
Does 14 divide 154?
True
Is 9675 a multiple of 15?
True
Is 7272 a multiple of 9?
True
Does 123 divide 7940?
False
Is 36 a factor of 1188?
True
Does 6 divide 3508?
False
Is 1144 a multiple of 13?
True
Is 4469 a multiple of 4?
False
Does 219 divide 522?
False
Is 24 a factor of 224?
False
Is 20 a factor of 29460?
True
Is 4216 a multiple of 34?
True
Does 2 divide 658?
True
Is 4 a factor of 14328?
True
Is 3663 a multiple of 33?
True
Is 954 a multiple of 9?
True
Is 